 - 69 = -3*q. What is the highest common factor of u and y?
13
Let w(k) = -k. Let h be w(-4). Calculate the greatest common divisor of h and 6.
2
Suppose 0 = -2*f - u + 48, f + 3*u - 100 = -3*f. Calculate the highest common divisor of f and 11.
11
Let j(o) = o**3 + 7*o**2 - 8*o + 11. Let i be j(-8). Suppose -i = -4*c + 5. Suppose -6 = -4*v + 10. Calculate the greatest common factor of c and v.
4
Suppose 0 = 4*u + 3*x + 39, 0 = 5*x - x + 20. Let g be (1944/(-16))/(u/8). Calculate the greatest common factor of 18 and g.
18
Let h be (-21)/(-4) + (-1)/4. Suppose -j - 6*w - 11 = -w, h*w = j - 29. Let n be 1 + (0 + 0)*1. What is the highest common divisor of n and j?
1
Let l(o) be the first derivative of o**3/3 + 4*o**2 - 19*o + 3. Let c be l(-13). What is the greatest common factor of c and 115?
23
Let p = 167 - 105. Suppose p = -u + 5*u - 2*x, 0 = -3*x - 3. Suppose 0 = -3*h + u, m = -m - 4*h + 38. Calculate the greatest common divisor of 45 and m.
9
Suppose 16*u - 117 = 3*u. Calculate the greatest common divisor of 27 and u.
9
Let b be ((-1)/(-2))/(11/(-154)). Let p be 108/14 + (-2)/b. Let d = 80 + -56. What is the greatest common divisor of d and p?
8
Let c(q) = 3*q**3 + 2*q**2 + 8*q - 25. Let g be c(4). Calculate the highest common divisor of 21 and g.
21
Let b(l) be the second derivative of l - 7/3*l**3 - 11/12*l**4 + 0 - l**2 - 1/20*l**5. Let o be b(-10). What is the greatest common divisor of o and 95?
19
Let q = -95 - -185. What is the greatest common divisor of 36 and q?
18
Suppose 1 - 43 = -2*c. Let o be 21/(-2 - c/(-6)). Let s(w) = 2*w**2 - 4*w - 2. Let a be s(5). Calculate the greatest common divisor of o and a.
14
Let o be 23/(-4) - (-2)/(-8). Let p be (-3)/o*-2 + 2. Calculate the greatest common factor of 8 and p.
1
Suppose 12*j - 1525 = -397. Calculate the greatest common factor of j and 141.
47
Suppose d - 3 + 2 = 0. Calculate the highest common factor of d and 7.
1
Let k(i) = 19*i. Suppose 6 = 5*o - 2*o. Suppose -3*h - 13 = 2, h + 3 = -o*w. Let u be k(w). What is the highest common divisor of 209 and u?
19
Suppose -k + 3*n + 66 = 3*k, 5*k - 88 = n. Suppose -4*i + a = -a - 8, 0 = 2*i - 4*a - 4. Let p be 54/3*(i - 0). Calculate the highest common factor of k and p.
18
Suppose 3*j + j = 2*w + 94, -w - 21 = -j. What is the greatest common factor of j and 13?
13
Let h(w) = w**3 + 7*w**2 + 6*w + 3. Let y = 16 - 23. Let c be h(y). Let v be (-3 + 1 - -1)*c. Calculate the greatest common divisor of 26 and v.
13
Suppose -3 = -5*k - 4*d, 2*d - 12 = 6*d. Suppose -6*t = -k*t + 15. Let b be (-24)/10*t*1. Calculate the greatest common factor of b and 24.
12
Suppose 4*b + 0*d = -2*d + 144, 0 = -5*b - 2*d + 182. Let c be (-3)/(-1) + (-112)/(-1). Suppose -c = -5*w - 20. What is the greatest common divisor of b and w?
19
Suppose u - 9 = -4. Suppose -2*x + 434 = -5*n + n, 5*x - 2*n - 1117 = 0. Suppose -3*q = 2*q - x. What is the greatest common factor of u and q?
5
Let w(n) = n**2 + 2*n + 1. Let d be w(2). What is the highest common factor of 6 and d?
3
Let i = 9 - 7. Let r be (-4)/(-12)*306/i. Calculate the greatest common factor of 17 and r.
17
Let f be 10/(-45) + 56/9. Let j = f + -10. Let x = 9 - j. Calculate the greatest common factor of 104 and x.
13
Let m = -5 - -11. Let f be (3 - m)*5/(-1). Let y be (18/f)/((-1)/(-10)). What is the highest common divisor of 24 and y?
12
Suppose 0 = -2*y + 4*y - 20. Calculate the greatest common factor of 30 and y.
10
Let f = 36 + -33. Suppose -18 = -m + 5*z, 3*m - 4*z = -2*m + 27. What is the highest common divisor of f and m?
3
Let r(t) = -t**2 + 6*t + 3. Let o be r(7). Let p be (o + 2)/(1 - 0). Let z be 2 + p + 4*4. Calculate the greatest common factor of z and 8.
8
Suppose -149 = -3*n + 3*k + 97, 84 = n - 3*k. Suppose -9 = -0*f - f. Calculate the highest common divisor of n and f.
9
Let n be (-1)/(-2) + 78/4. Suppose u = -d + 12, -26 = -2*u + 2*d - 5*d. Let l be -2 + u + 0/(-1). Calculate the greatest common factor of l and n.
4
Suppose 0 = 4*f + f - 250. Suppose -p = p - f. Calculate the highest common divisor of p and 25.
25
Let w = 570 - 154. Suppose 2*d - 371 = -5*t, -2*t - 2*t - w = -2*d. Calculate the highest common factor of 18 and d.
18
Let j be -1*3/3 - -3. Suppose k + k - 2 = 0. Suppose -3*t - 67 = -4*q, j*q + 3*t - 12 + k = 0. What is the highest common factor of q and 39?
13
Let o be (-78)/3*1/(-2). Suppose 0 = 3*b - h - 76 - o, -4*b + 3*h = -122. Calculate the greatest common divisor of 203 and b.
29
Let q be (-668)/(-44) - (-1 - (-13)/11). Let z(j) = -2*j + 1. Let b be z(-1). Calculate the highest common factor of b and q.
3
Let p be 2/(-6) - (-11)/(-3). Let h be 66/p*(-6)/9. Calculate the highest common divisor of 1 and h.
1
Let i be (4 - 1) + 0/(-1). Suppose 2*m - 29 = 51. Suppose -5*t + m = -2*d + 4*d, i*t + 5*d = 5. Calculate the highest common factor of 5 and t.
5
Let a(x) = -x**3 - 2*x**2 + x + 4. Let v be a(-3). Let g be 8/10*v/4. What is the greatest common factor of 22 and g?
2
Let x(b) be the third derivative of b**6/120 + b**5/60 - b**4/24 + b**3/2 + b**2. Let c be x(0). Let p = 2 + c. What is the highest common divisor of 5 and p?
5
Let i(f) = -13*f + 1. Let p be i(-1). Let w(a) = 153*a**2 + 1. Let h be w(1). Calculate the greatest common factor of h and p.
14
Let h be (-99)/22*(-4)/9. Calculate the greatest common factor of h and 16.
2
Let k be (-1 + 0)/((-2)/68). Calculate the highest common divisor of 51 and k.
17
Suppose 7*g - 2*g = 30. Let r = g - 0. Let h be (12/5)/(r/80). What is the highest common factor of h and 80?
16
Suppose 0 = -2*m + 3*m - 11. Let x = 21 - m. Let s = 100 + -20. What is the highest common factor of x and s?
10
Let h(l) = 5*l + 5. Suppose -5*q - 6 = -21. Let g be h(q). Calculate the highest common factor of g and 20.
20
Suppose -89 - 46 = -3*g. Let d be ((-2)/(-3))/(4/54). Calculate the highest common factor of d and g.
9
Let x be -1 - 4*303/6. Let q = x + 299. Calculate the greatest common factor of q and 12.
12
Let h = 255 + -199. Let w be (1*-1 - 0) + 15. Calculate the greatest common divisor of w and h.
14
Let v be -46*1/(-2)*1. What is the greatest common factor of 23 and v?
23
Let r be (-2)/6*(-4 - 38). Calculate the greatest common divisor of 126 and r.
14
Suppose 2*v = v + 5. Suppose 2*c - v*c + 3 = 0. Let l(y) = y**2. Let s be l(c). Calculate the highest common divisor of 7 and s.
1
Let f(s) = 16*s + 2 + 2 - s - 6. Let i(v) = -15*v + 1. Let h(u) = 5*f(u) + 6*i(u). Let n be h(-4). What is the greatest common factor of n and 8?
8
Let d be ((-7)/3)/((-5)/345). Let f be (-4)/3 - 219/(-9). Calculate the greatest common factor of f and d.
23
Let t be 6/(-15) + (-22)/(-5). Calculate the highest common factor of 12 and t.
4
Suppose t - 2*l = -5, -5*t + 0*t + 3*l = 60. Let y = t + 29. What is the greatest common divisor of y and 126?
14
Suppose -t + 172 = 2*o - 11, 0 = o + 2*t - 93. Calculate the highest common divisor of 13 and o.
13
Let g(s) = s**3 + 18*s**2 + 6*s + 11. Let z be g(-17). Let r = -26 + 44. What is the highest common factor of r and z?
18
Let y(b) = 9*b + 2. Let r be y(2). Calculate the highest common divisor of r and 8.
4
Suppose -4 = -3*l + l. Let y be 5 - (l - (-2)/(-2)). Suppose 16*u = 165 + 347. Calculate the highest common divisor of u and y.
4
Suppose -q - m + 16 = 0, -4*q + m + 26 = -2*q. Suppose 5*u - 11 = 94. Calculate the greatest common divisor of u and q.
7
Let o be 66*(9/6 + 3). What is the highest common factor of 27 and o?
27
Let t = 1 - 1. Suppose t = -b + 1 - 2. Let h = b + 6. Calculate the greatest common divisor of h and 5.
5
Suppose q + 80 = 5*q. Let l = 39 + -34. What is the highest common factor of q and l?
5
Suppose -3*b + k + 24 - 5 = 0, -3*k = -b + 9. What is the highest common factor of b and 78?
6
Suppose 0 = -o - 4*o + 40. Let q = o + -8. Suppose -2*w = 0, -5*m + 150 = -q*w + 2*w. Calculate the greatest common divisor of 6 and m.
6
Suppose -4*q - 3*p - 13 + 46 = 0, 0 = 2*p - 6. Let v = 29 - 19. Let w = v + -1. Calculate the highest common divisor of q and w.
3
Let h = 30 + -10. Suppose 2*r = -0*r + h. Calculate the highest common factor of r and 2.
2
Let c = 21 - 14. Let r(x) = -2*x - 3. Let a be r(-3). Suppose 3 = -2*n + a*n - 2*g, 0 = g + 1. What is the greatest common factor of c and n?
1
Let k = 5 - 0.